 -1*n)*(2 - -3). Suppose -f*d = -21 - 34. Calculate the remainder when 21 is divided by d.
10
Suppose -3*v - 2*h = -2166 - 173, -5*h + 20 = 0. What is the remainder when v is divided by 259?
0
Suppose 29*f - 46000 = 49*f. Let g = f - -2321. Suppose -3*k - k = -244. Calculate the remainder when k is divided by g.
19
Suppose 0*z + 5*c + 1380 = 5*z, 5*c - 510 = -2*z. Calculate the remainder when z is divided by 132.
6
Let h = -2977 + 2997. Calculate the remainder when 1683 is divided by h.
3
Suppose 26440 = 129*q - 13388 - 86979. Calculate the remainder when q is divided by 196.
3
Calculate the remainder when (74/2 + (-20)/30)/(6/54) is divided by 52.
15
Suppose 3*b - 2*l = 159, -2*l + 342 - 130 = 4*b. Suppose b = 9*m - 226. What is the remainder when 59 is divided by m?
28
Let r = -279 - -279. Suppose k - 21 - 60 = r. Let t(w) = -14*w. What is the remainder when k is divided by t(-1)?
11
What is the remainder when 1369 is divided by ((-1)/2)/(5/(-140))?
11
Suppose 60 = 6*h - 4*h. Calculate the remainder when 172/(60/(-75)*(-10)/4) is divided by h.
26
Suppose -4*h = -2*f - f + 191, -4*f = 4*h - 264. Let o be (3/7 - 100/(-28))*1. Suppose -26 + o = -k. What is the remainder when f is divided by k?
21
Let y be 33/12 - 3/4. Let q(s) = -12*s**2 + y*s - 8*s - 2*s - 24 + s**3. Calculate the remainder when 80 is divided by q(13).
39
Suppose -6 + 64 = 29*u. Suppose 196 = -u*o + 6*o. Calculate the remainder when 96 is divided by o.
47
Let x = -83 + 141. What is the remainder when 43 is divided by (-3 - x/(-18)) + 2432/72?
9
Let r = 93 - 68. Suppose 5*z - 80 = 100. Calculate the remainder when z is divided by 4/5*r/2.
6
Calculate the remainder when (20492/(-10))/((-94)/470) is divided by 25.
21
Suppose -83*j + 107*j - 58653 = 21915. What is the remainder when j is divided by 7?
4
Let a = 86 + -82. Suppose -5*q + s + 8 = -21, -a*q = 5*s. What is the remainder when 26 is divided by q?
1
Let l(z) = -6*z + 1. Let x(r) = r - 14. Let w be x(11). What is the remainder when 36 is divided by l(w)?
17
Let n be 3*4/(-66) - (-10)/55. Suppose -13*s + 376 + 131 = n. Let q(m) = m**3 - 5*m**2 + 6*m + 2. Calculate the remainder when s is divided by q(4).
9
Let z(k) = 68*k**2 - 6*k + 2. Let a be (-96)/(-36) - (8/3 - 2). What is the remainder when z(a) is divided by 24?
22
Suppose 3*y - 4*b = -3*b + 526, -541 = -3*y - 2*b. Suppose -6*l - 63 = -y. Calculate the remainder when 72 is divided by l.
15
Let l(m) = -2*m**2 - 21*m - 56. Let j be l(-17). Let a = 315 + j. What is the remainder when a is divided by 21?
17
Suppose -103*n = -163*n + 840. Calculate the remainder when (-1165)/5*-1 - (-2 + -2) is divided by n.
13
Suppose -381*g + 13533 = -10089. Calculate the remainder when 2293 is divided by g.
61
Suppose -6*c = -770 + 776. Let a(j) = -26*j + 14. What is the remainder when 73 is divided by a(c)?
33
Let j be (-20)/90 - 20/(-9). Suppose -3*r - b + 15 = 0, -r - j*b + 5 = -0*r. Let y = r + -1. What is the remainder when 14 is divided by y?
2
Let n = -190667 - -191341. Let w(b) = 6*b**2 + 2*b + 4. What is the remainder when n is divided by w(-3)?
50
Suppose 2*r + 2*t = t - 1607, 4*r + t + 3209 = 0. Let x = r + 1232. What is the remainder when x is divided by 12?
11
Let a(s) = -s**3 + 28*s**2 + 30*s + 32. Let d be a(29). Suppose -2*z + 30 = 2*i, -5*z - d = 3*i - 6*i. Calculate the remainder when 65 is divided by i.
14
Let f = 294 - 289. Suppose f*k - 771 = 1004. Calculate the remainder when k is divided by 19.
13
Let i(k) = -k**2 + 2*k + 19. Let b be i(-3). Suppose -142 = b*z + 2*x, -92 = 3*z - 2*x + 11. Let y = z + 58. What is the remainder when y is divided by 19?
4
Let s(m) = -8*m - 115. Let l be s(-8). What is the remainder when 32*(l/(-42) + (-10)/(-35)) is divided by 15?
3
Suppose -240 = -13*b - 3*b + 4*b. Calculate the remainder when 5137 is divided by b.
17
Let z = 20 + -55. Let k = 35 + z. Suppose 5*c - 70 = -k*c. Calculate the remainder when 83 is divided by c.
13
Let l(p) = 9*p**2 + 52*p + 318. Calculate the remainder when l(-23) is divided by 67.
64
Let x = 7175 - 6710. Calculate the remainder when x is divided by 117.
114
Suppose 9*s - 21 + 12 = 6*s. Calculate the remainder when 3321 is divided by s.
0
Let p = -163 - -166. Suppose -247 = -x - 2*q, 0 = -3*x + 2*q - p*q + 721. Calculate the remainder when x is divided by 61.
56
Suppose -9*f - 3*i = -6*f - 9, 2*f - 5*i + 1 = 0. Calculate the remainder when 23 is divided by (-28)/(-2) - (f - 2)/(-1).
9
Let r be (3 + -4)/(1/(-5)). Suppose -213 - 7488 = -51*s. Suppose -4 - s = -r*m. What is the remainder when 89 is divided by m?
27
Calculate the remainder when 487 is divided by 208/104*47/2.
17
Let x = 392 + -389. Suppose -x*p + 650 = 3*r - 2*p, -4*p + 647 = 3*r. Calculate the remainder when r is divided by 22.
19
Suppose 27*w + 159*w = 3348. Let t = -651 + 936. Calculate the remainder when t is divided by w.
15
Let z = 1766 + -1630. What is the remainder when 248 is divided by z?
112
Let v = 0 - -3. Let j(o) = 2*o - 6*o + 34*o + 5 - 11*o. Calculate the remainder when j(v) is divided by 13.
10
Calculate the remainder when 3 + (-196)/28*374/(-7) is divided by 41.
8
Suppose -11*y + 5528 - 4329 = 0. Calculate the remainder when 9262 is divided by y.
106
Suppose -19*m = 2*v - 23*m - 878, -4*v - 5*m = -1821. Calculate the remainder when v is divided by 10.
9
Let i(o) = -o**2 - 14*o - 6. Let f be i(-14). Let m be (-9)/(27/f) + (63 - 1). Suppose m = 7*k - 5*k. What is the remainder when k is divided by 7?
4
Suppose -5*b - 5874 = -o, 10*o - 7*o - 17646 = 3*b. Suppose 0 = -63*k - o + 18862. Calculate the remainder when k is divided by 19.
16
Suppose -89*f + 165*f = 92*f - 304. What is the remainder when 1386 is divided by f?
18
Suppose -13*w = 3730 - 19954. What is the remainder when w is divided by 124?
8
Suppose -4*v - 2*i = -44, 5*v + 0*i = 4*i + 55. Suppose -3*m + 770 = v*m. What is the remainder when m is divided by 8?
7
Let s(u) = -36*u - 4. Suppose 46 = 4*z + 3*m, 3*z - 48 = -5*m - 19. What is the remainder when s(-4) is divided by z?
10
Suppose -23*b - 65 = -341. Let h(v) = v**2 - 13*v + 3. Let l be h(9). Let a = 8 - l. Calculate the remainder when a is divided by b.
5
Let g(c) = 16*c - 31. Let l be g(8). Let d = 122 - l. Calculate the remainder when 73 is divided by d.
23
Suppose -8*o - m - 627 = -10*o, o - 306 = -2*m. Let t = o + -185. Calculate the remainder when t is divided by 16.
15
Let f = 51 - 33. Suppose 0 = n - 49 - f. Let b = 54 - 37. What is the remainder when n is divided by b?
16
What is the remainder when 1593 is divided by -2 + 754/232*(-4)/(-1) - -8?
16
Let s(n) = n**3 - 11*n**2 + 67*n - 113. Calculate the remainder when s(9) is divided by 165.
163
Suppose 41 = 3*u + o - 2*o, -o = 3*u - 31. Let r(w) = w**2 - 9*w - 11. Let p be r(u). Let a = 76 - p. What is the remainder when a is divided by 27?
24
Calculate the remainder when 386 is divided by (-46*2*6/(-9))/((-72)/(-108)).
18
Suppose 2*w - 1494 = 5*o, -2*w + 4*o + 1498 = -0*o. Calculate the remainder when w is divided by 115.
67
Let q(g) = -g**3 + 25*g**2 + 277*g - 21. Calculate the remainder when q(-9) is divided by 9.
6
Let d = 164 - 164. What is the remainder when d - 12/15*130/(-2) is divided by 14?
10
Suppose -1018 + 338 = 2*h + 2*j, -5*h - 1691 = 2*j. Let i = 526 + h. What is the remainder when i is divided by 24?
21
Suppose u - 46 = -3*i, -4*i + 174 = 4*u + 30. Let s = -6 + 10. What is the remainder when u is divided by s?
3
Let r = 10 - 4. Suppose 0 = 5*c + 3*y - 295, -5*c + 330 = -9*y + 5*y. Suppose 9*l - c = 73. What is the remainder when l is divided by r?
3
Suppose 42*a - 46*a - 25 = 5*q, -3*a = 4*q + 20. Suppose 0 = 3*s - a*v + 3*v - 111, -2*s + 76 = v. Calculate the remainder when 185 is divided by s.
29
Let k = -511 - -1053. Let a = 569 - k. Let n = -8 - -16. Calculate the remainder when a is divided by n.
3
Calculate the remainder when 436 + ((56/7)/4 - (-5 + 4)) is divided by 119.
82
Let k be 2/13 - 46899/(-117). Let v = 94 - k. Let i = 439 + v. What is the remainder when i is divided by 27?
24
Let m be 9*(-24)/9*3/6. What is the remainder when (-2716)/m - 8/(-12) is divided by 46?
43
Let k(h) = h**3 + 15*h**2 + 3*h + 3. Let n be k(-15). Let r = n - -43. What is the remainder when 25 is divided by r?
0
Let u(h) = 5*h**2 + 7*h - 24. Le